= 55 - 15. What is the greatest common factor of c and 40?
40
Let o(g) = g**2 - 4*g + 4. Let n be o(4). Calculate the greatest common factor of 32 and n.
4
Let v be 2 + (3 + 0 - -22). Suppose -g - 2*u = -10, -81 = -5*g - 5*u - 11. Calculate the greatest common factor of g and v.
9
Let d = -20 - -40. Suppose -3*h - 180 = -4*h. What is the greatest common factor of d and h?
20
Let g = -84 - -104. What is the greatest common divisor of g and 20?
20
Let b be (-1)/(1*(-1)/(-4 + 16)). What is the greatest common divisor of 30 and b?
6
Suppose 0 = -4*v - 4*v + 1872. What is the greatest common factor of 26 and v?
26
Let z be 2/4*1*4. Let v be -18 - 0*(1 - z). Let l be (-38)/(-9) + 4/v. Calculate the highest common divisor of 10 and l.
2
Let j(b) = 44*b**2 + b. Let c be j(-1). Let g = c + -29. Let d be (0 - -1) + 41*1. What is the greatest common divisor of g and d?
14
Let y = 22 - -40. What is the highest common divisor of y and 31?
31
Let j(w) = -3*w + 4. Let p be j(-4). What is the greatest common divisor of 40 and p?
8
Suppose -76 = -6*p + 2*p. Let y = -4 + p. What is the highest common divisor of 60 and y?
15
Let p(z) = z**3 - z**2 - z + 2. Let b be p(4). Let d = b - 22. What is the greatest common factor of d and 12?
12
Suppose -v + 22 = -2*t, -4*v = -4*t + 1 - 69. Calculate the highest common divisor of 108 and v.
12
Let h(z) = -z**3 - 12*z**2 - z + 10. Let r be h(-12). Calculate the greatest common divisor of r and 44.
22
Suppose -5*c = 4*i + 13, -5*c = -4*c + 2*i - 1. Let s = 9 - c. Calculate the greatest common factor of s and 70.
14
Let s(q) = 6*q - 4. Let x be s(10). What is the greatest common divisor of 7 and x?
7
Let o(s) = -8*s + 12. Let y be o(5). Let p be ((-154)/y)/(1/74). Calculate the greatest common divisor of p and 37.
37
Let w = 7 + -3. Suppose -3*f = -4*f - w. Let k be f/(-10) - 546/(-10). What is the highest common factor of k and 22?
11
Suppose -4*m = -79 + 19. Suppose -5*k - 90 = -5*s, -3*s = 5*k + m - 93. Let y = -99 - -288. Calculate the highest common factor of s and y.
21
Suppose -118 = -5*u + 4*j, 32 = u - 0*j - 5*j. What is the highest common factor of 198 and u?
22
Let x = 41 - 59. Let q be (-166)/x - (-4)/(-18). Let p = q + 13. What is the highest common factor of 2 and p?
2
Suppose -4*j = 3*m - 31 + 1, -45 = -5*m - 5*j. Let q be 328/5 + 6/15. Calculate the highest common factor of q and m.
6
Suppose 0 = 4*v - 144 + 32. What is the highest common divisor of 140 and v?
28
Suppose 0 = -0*m + 2*m + 4*f - 28, 0 = 2*m - 5*f - 37. Suppose -3*q + 7 = -5. What is the greatest common factor of q and m?
4
Let c be (14/(-3))/((-6)/9). What is the greatest common factor of 77 and c?
7
Let x be 27/(-6)*(-4)/(-3). Let l(m) = -m**3 - 5*m**2 - 2*m - 8. Let b be l(x). Calculate the greatest common divisor of b and 10.
10
Suppose -3*h - 3*p + 3 = 0, -h + 3*p = -p + 4. Suppose o + 2 - 9 = h. Suppose 4*f = o + 5. Calculate the greatest common divisor of 30 and f.
3
Suppose 4*u + 3*n - 68 = 0, 2*u + 3*n - 48 = -8. What is the greatest common factor of 28 and u?
14
Let j = -41 - -49. Let w be -5*12*(-6)/5. Calculate the highest common factor of w and j.
8
Let x be 188 + (-11)/((-11)/4). What is the highest common factor of x and 12?
12
Suppose -a - 4*m - 10 = 0, 1 = -2*a - 2*m - 1. Let u be 5/a + (-2)/4. Let j(o) = o**2 - 4*o - 8. Let v be j(6). Calculate the greatest common factor of u and v.
2
Suppose 0 = -2*j + 3*h - 6*h + 21, 4*j - 5*h + 13 = 0. Suppose -j*d = -2*d - 75. Calculate the greatest common factor of 15 and d.
15
Suppose -85 = -4*c + 23. Suppose 3*n + 6 - 45 = -4*d, 2*d = n - 3. Calculate the greatest common divisor of c and n.
9
Suppose -2*k - 420 = -7*k. Let c be (-4)/(-14) - (-850)/14. Suppose 4*t = 3*u - 22 + 73, -5*t = -u - c. What is the highest common factor of k and t?
12
Suppose 0 = 2*b + d - 33 - 12, -5*b + 116 = -d. What is the highest common divisor of 69 and b?
23
Suppose -7*x + 15 = -2*x. Let a be ((-9)/6)/(x/(-22)). What is the highest common divisor of a and 11?
11
Let w(n) = -2*n - 1. Let g be w(-2). Let f(d) = 5*d**3 + 2*d**2 - 2*d + 1. Let a be f(1). Calculate the greatest common factor of g and a.
3
Let a(h) = h - 21. Let l be a(0). Let y be ((-14)/l)/((-2)/(-15)). What is the greatest common divisor of y and 25?
5
Let g(z) = z**3 - 6*z**2 + z - 1. Let o = 3 + 3. Let r be g(o). Calculate the greatest common divisor of r and 45.
5
Let v = 30 - -14. Calculate the greatest common divisor of 11 and v.
11
Let y(h) = 4*h + 2. Let b(f) = -4*f**2 + f + 1. Let r be b(-1). Let l be y(r). Let z be (-6)/(-21) - 724/l. What is the greatest common factor of 13 and z?
13
Let f(b) = -b**2 - 8*b + 12. Let v be f(-11). Let l be 2 - ((4 - 1) + v). What is the greatest common divisor of 5 and l?
5
Let l(q) = 41*q**2 - 2. Let k be l(-2). Let c = -53 - -89. Suppose -5*g + 3*g = -c. What is the greatest common divisor of k and g?
18
Suppose 5*b = -4*k + 13, -16 = -b + 2*k - 5. Suppose 2*m - 34 = -4*g, 45 = b*g + 3*m + 2*m. Calculate the greatest common factor of g and 64.
8
Let p = 18 - 15. Suppose -15 = -p*o, 4*o + 43 + 39 = 3*d. What is the greatest common divisor of d and 272?
34
Let z = 678 - 471. Calculate the highest common factor of z and 23.
23
Let u(y) = y + 20. Let b be u(-18). Calculate the highest common divisor of b and 10.
2
Let j = -60 - -102. Suppose -9*k = -5*k - 112. What is the highest common factor of k and j?
14
Let w = -5 - -5. Let t = 5 + w. Calculate the highest common factor of 1 and t.
1
Let b(c) = -12*c**2 - c. Let y be b(1). Let h = y - -22. Let s = -115 + 187. Calculate the greatest common factor of s and h.
9
Let g(c) = 17*c + 2. Let f be g(7). Let a = f + -61. Calculate the highest common factor of a and 15.
15
Let l = 53 - 33. Let q be 104/10*l/8. What is the highest common factor of q and 65?
13
Let m(p) = 5*p**2 - 3*p. Let l be m(2). Let f = l + 4. What is the greatest common factor of 6 and f?
6
Let k(l) = l**2 + 6*l - 1. Let u be k(-7). Let c = 6 + 6. What is the highest common divisor of c and u?
6
Let v = -3 + 1. Let w(r) = -6*r**3 - 2*r**2 + 2*r. Let n be w(v). Let u = n + -16. What is the greatest common factor of 30 and u?
10
Suppose -9 = z + 5*g, -2*z - 3*g + 47 = -6*g. Calculate the greatest common divisor of z and 2.
2
Suppose -5*q + h = -0*q - 161, -2*q + 5*h + 69 = 0. Let w = -2 + 4. Suppose -203 = -w*y - 43. Calculate the highest common divisor of q and y.
16
Suppose -3*y = s + 13, 5*s - s + 25 = -3*y. Let m be s/1*9/6. Let i be 1/(-4)*2*m. Calculate the highest common divisor of i and 3.
3
Let a = -7 + 17. Suppose 0 = -h + 6*h - 20. Calculate the highest common factor of a and h.
2
Let a be ((-3)/(-4))/(2/288). Let y(p) = -6*p**2 + 2*p + 3. Let v be y(-2). Let c = -13 - v. What is the greatest common divisor of c and a?
12
Let r = 15 + 7. Let k = 41 + 113. What is the highest common divisor of k and r?
22
Suppose 5*a + 190 = -0*a. Let r = -22 - a. Let d(t) = 4*t**3 + 3*t**2 + 2*t + 3. Let o be d(3). What is the greatest common factor of r and o?
16
Let c(i) = -5*i**3 + 5*i**2 + 4*i. Let k(l) = -l**2 + 2*l + 5. Let j be k(4). Let s be c(j). Calculate the highest common factor of s and 21.
21
Suppose 9*c - 339 = 228. Calculate the greatest common factor of c and 84.
21
Suppose 12 + 12 = 3*j. Let o be (0 + 1)/((-2)/(-32)). Calculate the greatest common divisor of j and o.
8
Suppose 3*i - 290 = 40. What is the greatest common factor of i and 22?
22
Let c = -1 + -1. Let g be (-9)/c*(-48)/(-9). Suppose 2*z - g = 20. Calculate the greatest common divisor of 33 and z.
11
Suppose -5*o = 2*j - 17, -5*o + 22 = 4*j + 3. Let i be (-3 - -1) + j + 2. Let k be (-6)/(-3 + -2 + 34/8). Calculate the highest common divisor of k and i.
1
Let s be 2 - 1/((-2)/(-12)). Let i be 1 - 2/(s/30). What is the highest common factor of i and 112?
16
Suppose 0 = -4*g - 0 + 8. Suppose -t - g*t = -9. Let p be 4/10*t*10. Calculate the greatest common factor of p and 12.
12
Let r be (-4)/(-12) + (-128)/(-12) + -3. Suppose -3*x + 0*x = -12. Suppose -271 = -x*a - 79. What is the highest common divisor of r and a?
8
Suppose -r - p + 121 = 0, -3 = -3*p + 9. Calculate the greatest common divisor of 13 and r.
13
Let l(g) = -g**3 - 2*g**2 - 2*g - 2. Let n be l(-2). Let z = 2 + n. What is the greatest common divisor of